{"id":4480,"date":"2025-06-04T15:37:51","date_gmt":"2025-06-04T12:37:51","guid":{"rendered":"http:\/\/www.marinser.com\/?page_id=4480"},"modified":"2025-06-04T17:31:14","modified_gmt":"2025-06-04T14:31:14","slug":"sintine-pompasi-tamiri","status":"publish","type":"page","link":"https:\/\/www.marinser.com\/?page_id=4480","title":{"rendered":"Sintine Pompas\u0131 Tamiri"},"content":{"rendered":"\t\t<div data-elementor-type=\"wp-page\" data-elementor-id=\"4480\" class=\"elementor elementor-4480\">\n\t\t\t\t\t\t<section class=\"elementor-section elementor-top-section elementor-element elementor-element-be2ed4a elementor-section-full_width elementor-section-height-default elementor-section-height-default\" data-id=\"be2ed4a\" data-element_type=\"section\">\n\t\t\t\t\t\t<div class=\"elementor-container elementor-column-gap-no\">\n\t\t\t\t\t<div class=\"elementor-column elementor-col-100 elementor-top-column elementor-element elementor-element-fdb95ef\" data-id=\"fdb95ef\" data-element_type=\"column\">\n\t\t\t<div class=\"elementor-widget-wrap elementor-element-populated\">\n\t\t\t\t\t\t<div class=\"elementor-element elementor-element-af29231 elementor-widget elementor-widget-partdo-page-banner\" data-id=\"af29231\" data-element_type=\"widget\" data-widget_type=\"partdo-page-banner.default\">\n\t\t\t\t<div class=\"elementor-widget-container\">\n\t\t\t\t\t<div class=\"entry-page-header\"><div class=\"container\"><div class=\"page-header-content\"><h1 class=\"entry-title\">Sintine Pompas\u0131 Tamiri<\/h1><div class=\"entry-description\"> <p>Fethiye, G\u00f6cek ve Marmaris\u2019te tekne ve yat sintine pompas\u0131 tamiri ve de\u011fi\u015fimi Marinser garantisiyle yap\u0131l\u0131r. Su tahliyesinde kesintisiz performans.<\/p><\/div><\/div><\/div><div class=\"entry-image\"> <img decoding=\"async\" src=\"https:\/\/www.marinser.com\/wp-content\/plugins\/partdo-core\/elementor\/images\/image-01.jpg\"><\/div><\/div>\t\t\t\t<\/div>\n\t\t\t\t<\/div>\n\t\t\t\t\t<\/div>\n\t\t<\/div>\n\t\t\t\t\t<\/div>\n\t\t<\/section>\n\t\t\t\t<section class=\"elementor-section elementor-top-section elementor-element elementor-element-7b0e655 elementor-section-boxed elementor-section-height-default elementor-section-height-default\" data-id=\"7b0e655\" data-element_type=\"section\">\n\t\t\t\t\t\t<div class=\"elementor-container elementor-column-gap-extended\">\n\t\t\t\t\t<div class=\"elementor-column elementor-col-100 elementor-top-column elementor-element elementor-element-6aaf18b white-box\" data-id=\"6aaf18b\" data-element_type=\"column\">\n\t\t\t<div class=\"elementor-widget-wrap elementor-element-populated\">\n\t\t\t\t\t\t<div class=\"elementor-element elementor-element-b67e798 elementor-widget elementor-widget-heading\" data-id=\"b67e798\" data-element_type=\"widget\" data-widget_type=\"heading.default\">\n\t\t\t\t<div class=\"elementor-widget-container\">\n\t\t\t\t\t<p class=\"elementor-heading-title elementor-size-default\">Sintine pompas\u0131, teknelerde g\u00f6vde alt\u0131na dolan suyun otomatik veya manuel olarak d\u0131\u015far\u0131 at\u0131lmas\u0131n\u0131 sa\u011flayan kritik bir g\u00fcvenlik sistemidir. Bu pompan\u0131n d\u00fczg\u00fcn \u00e7al\u0131\u015fmamas\u0131; tekne i\u00e7i su birikmesine, elektrikli sistemlerin zarar g\u00f6rmesine ve hatta batma riskine neden olabilir.<\/p>\t\t\t\t<\/div>\n\t\t\t\t<\/div>\n\t\t\t\t<div class=\"elementor-element elementor-element-ac66458 elementor-widget elementor-widget-heading\" data-id=\"ac66458\" data-element_type=\"widget\" data-widget_type=\"heading.default\">\n\t\t\t\t<div class=\"elementor-widget-container\">\n\t\t\t\t\t<p class=\"elementor-heading-title elementor-size-default\">Marinser, Fethiye merkezli servis altyap\u0131s\u0131yla G\u00f6cek, Marmaris ve \u00e7evre k\u0131y\u0131 b\u00f6lgelerde tekne sintine pompas\u0131 tamiri ve bak\u0131m\u0131 hizmeti sunar. Sintine sistemlerinizin g\u00fcvenilir \u00e7al\u0131\u015fmas\u0131 i\u00e7in ar\u0131za tespiti, par\u00e7a onar\u0131m\u0131 ve periyodik bak\u0131m i\u015flemlerini uzmanl\u0131kla ger\u00e7ekle\u015ftiriyoruz.<\/p>\t\t\t\t<\/div>\n\t\t\t\t<\/div>\n\t\t\t\t\t<\/div>\n\t\t<\/div>\n\t\t\t\t\t<\/div>\n\t\t<\/section>\n\t\t\t\t<section class=\"elementor-section elementor-top-section elementor-element elementor-element-61b43c6 elementor-section-boxed elementor-section-height-default elementor-section-height-default\" data-id=\"61b43c6\" data-element_type=\"section\">\n\t\t\t\t\t\t<div class=\"elementor-container elementor-column-gap-extended\">\n\t\t\t\t\t<div class=\"elementor-column elementor-col-50 elementor-top-column elementor-element elementor-element-e3813fc\" data-id=\"e3813fc\" data-element_type=\"column\">\n\t\t\t<div class=\"elementor-widget-wrap elementor-element-populated\">\n\t\t\t\t\t\t<div class=\"elementor-element elementor-element-49728fb elementor-widget elementor-widget-image\" data-id=\"49728fb\" data-element_type=\"widget\" data-widget_type=\"image.default\">\n\t\t\t\t<div class=\"elementor-widget-container\">\n\t\t\t\t\t\t\t\t\t\t\t\t\t\t\t<img decoding=\"async\" src=\"https:\/\/www.marinser.com\/wp-content\/uploads\/2022\/10\/image-02.jpg\" title=\"image-02\" alt=\"image-02\" loading=\"lazy\" \/>\t\t\t\t\t\t\t\t\t\t\t\t\t\t\t<\/div>\n\t\t\t\t<\/div>\n\t\t\t\t\t<\/div>\n\t\t<\/div>\n\t\t\t\t<div class=\"elementor-column elementor-col-50 elementor-top-column elementor-element elementor-element-916e7d2\" data-id=\"916e7d2\" data-element_type=\"column\">\n\t\t\t<div class=\"elementor-widget-wrap elementor-element-populated\">\n\t\t\t\t\t\t<div class=\"elementor-element elementor-element-89c6f7b elementor-widget elementor-widget-image\" data-id=\"89c6f7b\" data-element_type=\"widget\" data-widget_type=\"image.default\">\n\t\t\t\t<div class=\"elementor-widget-container\">\n\t\t\t\t\t\t\t\t\t\t\t\t\t\t\t<img decoding=\"async\" src=\"https:\/\/www.marinser.com\/wp-content\/uploads\/2022\/10\/image-03.jpg\" title=\"image-03\" alt=\"image-03\" loading=\"lazy\" \/>\t\t\t\t\t\t\t\t\t\t\t\t\t\t\t<\/div>\n\t\t\t\t<\/div>\n\t\t\t\t\t<\/div>\n\t\t<\/div>\n\t\t\t\t\t<\/div>\n\t\t<\/section>\n\t\t\t\t<section class=\"elementor-section elementor-top-section elementor-element elementor-element-30fba08 elementor-section-boxed elementor-section-height-default elementor-section-height-default\" data-id=\"30fba08\" data-element_type=\"section\">\n\t\t\t\t\t\t<div class=\"elementor-container elementor-column-gap-extended\">\n\t\t\t\t\t<div class=\"elementor-column elementor-col-100 elementor-top-column elementor-element elementor-element-1821dc8\" data-id=\"1821dc8\" data-element_type=\"column\">\n\t\t\t<div class=\"elementor-widget-wrap elementor-element-populated\">\n\t\t\t\t\t\t<div class=\"elementor-element elementor-element-57b634f elementor-widget elementor-widget-heading\" data-id=\"57b634f\" data-element_type=\"widget\" data-widget_type=\"heading.default\">\n\t\t\t\t<div class=\"elementor-widget-container\">\n\t\t\t\t\t<span class=\"elementor-heading-title elementor-size-default\">Tekne ve Yat Sintine Sistemleri Bak\u0131m Servisi<\/span>\t\t\t\t<\/div>\n\t\t\t\t<\/div>\n\t\t\t\t<div class=\"elementor-element elementor-element-0c6ce1f elementor-widget elementor-widget-heading\" data-id=\"0c6ce1f\" data-element_type=\"widget\" data-widget_type=\"heading.default\">\n\t\t\t\t<div class=\"elementor-widget-container\">\n\t\t\t\t\t<h2 class=\"elementor-heading-title elementor-size-default\">Sintine Pompas\u0131 Tamiri<\/h2>\t\t\t\t<\/div>\n\t\t\t\t<\/div>\n\t\t\t\t\t<\/div>\n\t\t<\/div>\n\t\t\t\t\t<\/div>\n\t\t<\/section>\n\t\t\t\t<section class=\"elementor-section elementor-top-section elementor-element elementor-element-cc529be elementor-section-boxed elementor-section-height-default elementor-section-height-default\" data-id=\"cc529be\" data-element_type=\"section\">\n\t\t\t\t\t\t<div class=\"elementor-container elementor-column-gap-extended\">\n\t\t\t\t\t<div class=\"elementor-column elementor-col-100 elementor-top-column elementor-element elementor-element-c9a36db\" data-id=\"c9a36db\" data-element_type=\"column\">\n\t\t\t<div class=\"elementor-widget-wrap elementor-element-populated\">\n\t\t\t\t\t\t<div class=\"elementor-element elementor-element-c84cdb4 elementor-widget elementor-widget-heading\" data-id=\"c84cdb4\" data-element_type=\"widget\" data-widget_type=\"heading.default\">\n\t\t\t\t<div class=\"elementor-widget-container\">\n\t\t\t\t\t<p class=\"elementor-heading-title elementor-size-default\"><p data-start=\"1241\" data-end=\"1380\" style=\"letter-spacing: normal\">Sintine pompalar\u0131 genellikle otomatik (float switch) veya manuel sistemle \u00e7al\u0131\u015f\u0131r. Ar\u0131za durumlar\u0131nda genellikle \u015fu sorunlar g\u00f6zlemlenir:<\/p><ul data-start=\"1381\" data-end=\"1578\" style=\"letter-spacing: normal\"><li data-start=\"1381\" data-end=\"1409\"><p data-start=\"1383\" data-end=\"1409\">Pompan\u0131n hi\u00e7 \u00e7al\u0131\u015fmamas\u0131<\/p><\/li><li data-start=\"1410\" data-end=\"1437\"><p data-start=\"1412\" data-end=\"1437\">Tahliye g\u00fcc\u00fcn\u00fcn d\u00fc\u015fmesi<\/p><\/li><li data-start=\"1438\" data-end=\"1467\"><p data-start=\"1440\" data-end=\"1467\">Sens\u00f6r (flat\u00f6r) ar\u0131zalar\u0131<\/p><\/li><li data-start=\"1468\" data-end=\"1498\"><p data-start=\"1470\" data-end=\"1498\">Elektrik ba\u011flant\u0131 hatalar\u0131<\/p><\/li><li data-start=\"1499\" data-end=\"1538\"><p data-start=\"1501\" data-end=\"1538\">T\u0131kanm\u0131\u015f emi\u015f veya \u00e7\u0131k\u0131\u015f hortumlar\u0131<\/p><\/li><li data-start=\"1539\" data-end=\"1578\"><p data-start=\"1541\" data-end=\"1578\">Pompa g\u00f6vdesinde korozyon veya \u00e7atlak<\/p><\/li><\/ul><p data-start=\"1580\" data-end=\"1862\" style=\"letter-spacing: normal\"><strong data-start=\"1580\" data-end=\"1615\">Fethiye sintine pompas\u0131 servisi<\/strong><span>&nbsp;<\/span>kapsam\u0131nda teknisyenlerimiz \u00f6nce pompan\u0131n elektrik ba\u011flant\u0131lar\u0131n\u0131 kontrol eder. Ak\u00fcden gelen voltaj, sigorta durumu ve anahtar (float switch) fonksiyonlar\u0131 test edilir. \u00c7al\u0131\u015fmayan pompalarda, motor bobini, mil yata\u011f\u0131 ve pervane sistemi incelenir.<span style=\"letter-spacing: -0.03px\"><\/span><\/p><\/p>\t\t\t\t<\/div>\n\t\t\t\t<\/div>\n\t\t\t\t<div class=\"elementor-element elementor-element-c22f4ab elementor-widget elementor-widget-heading\" data-id=\"c22f4ab\" data-element_type=\"widget\" data-widget_type=\"heading.default\">\n\t\t\t\t<div class=\"elementor-widget-container\">\n\t\t\t\t\t<p class=\"elementor-heading-title elementor-size-default\"><p data-start=\"1864\" data-end=\"2105\" style=\"letter-spacing: normal\"><strong data-start=\"1864\" data-end=\"1900\">G\u00f6cek yat sintine sistemi tamiri<\/strong><span>&nbsp;<\/span>s\u0131ras\u0131nda t\u0131kanm\u0131\u015f \u00e7\u0131k\u0131\u015f hortumlar\u0131 temizlenir, pompaya zarar veren yabanc\u0131 cisimler \u00e7\u0131kart\u0131l\u0131r. Otomatik sens\u00f6r sistemleri, su seviyesi alg\u0131lamas\u0131 d\u00fczg\u00fcn \u00e7al\u0131\u015fm\u0131yorsa de\u011fi\u015ftirilir veya yeniden ayarlan\u0131r.<\/p><p data-start=\"2107\" data-end=\"2402\" style=\"letter-spacing: normal\"><strong data-start=\"2107\" data-end=\"2149\">Marmaris tekne sintine pompas\u0131 onar\u0131m\u0131<\/strong><span>&nbsp;<\/span>hizmetimiz, \u00f6zellikle yo\u011fun kullan\u0131ma maruz kalan charter teknelerde pompa \u00f6mr\u00fcn\u00fc uzatmak ve ar\u0131za risklerini \u00f6nceden tespit etmek \u00fczerine odaklan\u0131r. Marin pompalar\u0131n modeline g\u00f6re orijinal yedek par\u00e7alarla onar\u0131m sa\u011flan\u0131r.<\/p><p data-start=\"2404\" data-end=\"2571\" style=\"letter-spacing: normal\">Ayr\u0131ca, pompa haznesinin temizli\u011fi, hortum ba\u011flant\u0131 noktalar\u0131n\u0131n kontrol\u00fc, geri ak\u0131\u015f valfi testleri ve pompa montaj pozisyonunun kontrol\u00fc de servis kapsam\u0131na dahildir.<\/p><p data-start=\"2573\" data-end=\"2744\" style=\"letter-spacing: normal\"><strong data-start=\"2573\" data-end=\"2585\">Marinser<\/strong>, sadece pompa tamiri de\u011fil, ayn\u0131 zamanda<span>&nbsp;<\/span><strong data-start=\"2627\" data-end=\"2677\">\u00f6nleyici bak\u0131m ve sistem iyile\u015ftirme \u00e7\u00f6z\u00fcmleri<\/strong>yle de sintine sisteminizin her ko\u015fulda g\u00fcvenle \u00e7al\u0131\u015fmas\u0131n\u0131 sa\u011flar.<span style=\"letter-spacing: -0.03px\"><\/span><\/p><\/p>\t\t\t\t<\/div>\n\t\t\t\t<\/div>\n\t\t\t\t<div class=\"elementor-element elementor-element-cd8348b elementor-button-info elementor-widget elementor-widget-button\" data-id=\"cd8348b\" data-element_type=\"widget\" data-widget_type=\"button.default\">\n\t\t\t\t<div class=\"elementor-widget-container\">\n\t\t\t\t\t\t\t\t\t<div class=\"elementor-button-wrapper\">\n\t\t\t\t\t<a class=\"elementor-button elementor-button-link elementor-size-sm\" href=\"http:\/\/www.marinser.com\/iletisim\/\">\n\t\t\t\t\t\t<span class=\"elementor-button-content-wrapper\">\n\t\t\t\t\t\t\t\t\t<span class=\"elementor-button-text\">Bize Ula\u015f\u0131n<\/span>\n\t\t\t\t\t<\/span>\n\t\t\t\t\t<\/a>\n\t\t\t\t<\/div>\n\t\t\t\t\t\t\t\t<\/div>\n\t\t\t\t<\/div>\n\t\t\t\t\t<\/div>\n\t\t<\/div>\n\t\t\t\t\t<\/div>\n\t\t<\/section>\n\t\t\t\t<\/div>\n\t\t","protected":false},"excerpt":{"rendered":"<p>Sintine Pompas\u0131 Tamiri Fethiye, G\u00f6cek ve Marmaris\u2019te tekne ve yat sintine pompas\u0131 tamiri ve de\u011fi\u015fimi Marinser garantisiyle yap\u0131l\u0131r. Su tahliyesinde kesintisiz performans. Sintine pompas\u0131, teknelerde g\u00f6vde alt\u0131na dolan suyun otomatik veya manuel olarak d\u0131\u015far\u0131 at\u0131lmas\u0131n\u0131 sa\u011flayan kritik bir g\u00fcvenlik sistemidir. Bu pompan\u0131n d\u00fczg\u00fcn \u00e7al\u0131\u015fmamas\u0131; tekne i\u00e7i su birikmesine, elektrikli sistemlerin zarar g\u00f6rmesine ve hatta batma<\/p>\n<div class=\"klb-readmore button\"><a class=\"btn link\" href=\"https:\/\/www.marinser.com\/?page_id=4480\">Read More <i class=\"klbth-icon-right-arrow\"><\/i><\/a><\/div>\n","protected":false},"author":1,"featured_media":0,"parent":0,"menu_order":0,"comment_status":"closed","ping_status":"closed","template":"","meta":{"_eb_attr":"","footnotes":""},"class_list":["post-4480","page","type-page","status-publish","hentry"],"aioseo_notices":[],"_links":{"self":[{"href":"https:\/\/www.marinser.com\/index.php?rest_route=\/wp\/v2\/pages\/4480","targetHints":{"allow":["GET"]}}],"collection":[{"href":"https:\/\/www.marinser.com\/index.php?rest_route=\/wp\/v2\/pages"}],"about":[{"href":"https:\/\/www.marinser.com\/index.php?rest_route=\/wp\/v2\/types\/page"}],"author":[{"embeddable":true,"href":"https:\/\/www.marinser.com\/index.php?rest_route=\/wp\/v2\/users\/1"}],"replies":[{"embeddable":true,"href":"https:\/\/www.marinser.com\/index.php?rest_route=%2Fwp%2Fv2%2Fcomments&post=4480"}],"version-history":[{"count":5,"href":"https:\/\/www.marinser.com\/index.php?rest_route=\/wp\/v2\/pages\/4480\/revisions"}],"predecessor-version":[{"id":4615,"href":"https:\/\/www.marinser.com\/index.php?rest_route=\/wp\/v2\/pages\/4480\/revisions\/4615"}],"wp:attachment":[{"href":"https:\/\/www.marinser.com\/index.php?rest_route=%2Fwp%2Fv2%2Fmedia&parent=4480"}],"curies":[{"name":"wp","href":"https:\/\/api.w.org\/{rel}","templated":true}]}}